reatest common factor of r and 231.
21
Let k be (24/16)/((-9)/96). Let g = k + 30. Suppose -3 = -2*u - 4*v + 3*v, 3*u - 10 = 4*v. What is the greatest common factor of u and g?
2
Let m = -587 - -675. Suppose -n + 7 = 4*o, 2 + 3 = -5*o. Calculate the highest common divisor of n and m.
11
Let p = 2 - -1. Let w = p - -2. Let v = -508 - -558. What is the highest common divisor of w and v?
5
Let v(x) = 8*x - 10. Let f be v(10). Let t be 9/(-3) + (f - 3). Calculate the greatest common factor of 16 and t.
16
Let d(k) = 8*k**2 + 222*k + 36. Let a be d(-28). What is the greatest common divisor of 506 and a?
46
Let c = 22 + -21. Let y be 2*(0 + c + 0). Let f be 153 - (y + 1 + -4). What is the highest common divisor of f and 22?
22
Suppose 5*c - 203 = -3*o + 2*o, -c + 37 = -o. Let y = 30 + -10. What is the highest common divisor of y and c?
20
Suppose 2*k + 3*k - 10 = 0. Suppose -d - k + 18 = -5*m, -8 = 4*d + 4*m. Suppose -3*a + 3 = -0. What is the highest common divisor of a and d?
1
Let n(v) = 10*v**2 + v + 1. Let j be n(1). Suppose 0 = y - j - 6. What is the greatest common divisor of y and 6?
6
Let j = 364 + -353. Let r = -35 - -156. What is the greatest common divisor of j and r?
11
Let r be (-9)/108 - 409/(-12). Calculate the greatest common factor of r and 34.
34
Let b(m) = -2*m**2 - 17*m - 5. Let l be b(-8). Suppose -8 = -5*t - g, -t - 5*g = -l*t - 13. What is the highest common factor of 9 and t?
1
Suppose 3*r = 3*h + 9, -2*r - 4*h - 15 = -7*r. Suppose 0 = a + 5*f - 4*f - 26, 0 = 5*a + r*f - 134. Calculate the greatest common factor of a and 224.
28
Suppose 4*i + z - 516 = 0, -5*i - 60*z = -62*z - 645. What is the greatest common factor of 215 and i?
43
Suppose 538*u - 548*u + 5050 = 0. Calculate the highest common factor of u and 5.
5
Let c = -229 + 154. Let a be (-18 + (-4 - -8))*c/6. What is the greatest common factor of 25 and a?
25
Suppose -3*p - 3*r = -942, 51*r - 46*r = -3*p + 950. What is the highest common divisor of p and 20?
10
Let g be (-286)/(-1)*(9 - 170/20). What is the highest common factor of g and 11?
11
Let z(w) = 5*w**2 - 3*w - 5 - 2*w - 3*w**2. Let y be z(-2). What is the highest common factor of 52 and y?
13
Let y be ((-13 - -9) + 4/1)/(-3). Let b be (-16)/(-10)*(-1 - -6). Suppose 0 = -2*m - y*m + b. What is the highest common divisor of 16 and m?
4
Suppose 2*i - 60 = 4*w, -74 = 5*w - i - 2*i. Let c = -15 - w. What is the highest common factor of c and 2?
1
Suppose 25*j = 512 + 113. Calculate the highest common factor of 110 and j.
5
Suppose n = -2*n + 4*j + 8495, n - 2839 = 5*j. What is the highest common divisor of 23 and n?
23
Suppose 3*g - 9*m = -4*m + 74, -3*g - m = -50. Let v(l) = -l**2 + 20*l - 8. Let i be v(g). What is the highest common factor of 4 and i?
4
Suppose 8*o - 3*o - 3*v - 630 = 0, o + 2*v = 126. Let x be o/9*1*5. What is the greatest common factor of x and 175?
35
Let y be 50 - (-13 + 15)/(2/(-4)). What is the greatest common factor of 45 and y?
9
Suppose 9*p = 16 + 74. Let x be ((-104)/3)/(p/(-15)). Calculate the greatest common divisor of x and 39.
13
Let a = 492 + -396. Calculate the greatest common divisor of 12 and a.
12
Suppose -6 - 14 = -4*f. Suppose 10 = f*x, -3*x = -3*v - 4*x + 386. Calculate the greatest common factor of v and 16.
16
Let v = 2803 - 1324. Let c = -1028 + v. What is the greatest common factor of 41 and c?
41
Suppose -2*k - 32 = 3*v + 56, 116 = -4*v - 4*k. Let q be v*2/(-4) + -1. Calculate the highest common divisor of 140 and q.
14
Suppose -5*p + 2*q + 44 = -2*q, -4*q + 20 = 3*p. Suppose -1152 = -p*l - 0*l. Calculate the greatest common divisor of l and 9.
9
Suppose -5*o = 3*k + 14 - 4, 4 = -2*o. Suppose k = 7*h - 11*h + 12. Calculate the highest common divisor of h and 15.
3
Suppose -4*y + 70 = -x, -y - 6*x + 16 = -7*x. Calculate the greatest common factor of y and 144.
18
Let u = -13 - -61. Suppose 0 = 3*z + 3*m - 726, -14*z = -12*z + 5*m - 490. Calculate the highest common divisor of z and u.
48
Suppose 11 = 2*o - 29. Suppose 0 = 5*h + o, 5*v - 3*h = v + 28. Suppose -v*j - j = -65. What is the highest common divisor of 13 and j?
13
Let z(p) = p**3 + 8*p**2 + 8*p + 9. Let y be z(-7). Let l be 279/18*(-16)/y. Let o = -80 - l. What is the highest common divisor of o and 4?
4
Suppose 51*k + 180 = 56*k. What is the greatest common divisor of k and 270?
18
Let o(z) = z**3 - 6*z**2 + 2*z - 7. Let y be o(6). Suppose -y*u + 52 = 2*x, 0*x + 2*x = -u + 12. Let h = u + 4. What is the highest common divisor of h and 14?
14
Let z = 9 + 0. Suppose 0*j - 3*j = -9. Suppose -32 = -j*k - 14. What is the greatest common factor of k and z?
3
Let u(i) = 2*i**2 + 19*i - 6. Suppose 58 + 22 = -8*h. Let k be u(h). What is the greatest common factor of k and 36?
4
Let l = 262 + -259. Suppose -3*k = -0*k - 99. What is the greatest common divisor of k and l?
3
Suppose 9*a = 10*a - 13. Let x = -4 + a. Calculate the highest common factor of x and 81.
9
Suppose 64 + 29 = 31*j. Calculate the greatest common divisor of j and 57.
3
Suppose -3*x = -6*x + 12. Suppose 2*t - x + 2 = 0. Calculate the greatest common factor of t and 4.
1
Let c = 13 - 8. Let s(z) = 4*z - 5. Let f be s(c). Let w be (3*3)/(8/40). What is the highest common factor of w and f?
15
Let v = 91 + -34. Let c = -56 + v. What is the highest common divisor of c and 4?
1
Let k = -30 + 55. Let i be ((-6)/14 - (-5)/(-70))*-10. What is the greatest common divisor of i and k?
5
Let z be 7/2 - 2/(-4). Suppose -20 = -2*h - 4*a, 5*h + 4*a = 2*a + 34. Calculate the greatest common factor of z and h.
2
Let f(r) = 5*r. Let g be f(6). Suppose -g + 10 = 5*j, -29 = -5*z + j. What is the highest common factor of 10 and z?
5
Suppose -s = 4*s - 5. Let a be 38/1*s/1. Calculate the greatest common divisor of a and 304.
38
Let s be 120 - (-1 + 0 + 0). Let v(u) = 2*u**2 + 52*u - 101. Let z be v(-28). What is the highest common factor of s and z?
11
Let s(f) = 14*f**2 - f - 7. Let u be s(-2). Let m be (-2092)/(-28) - (-4)/14. Let h = m - u. What is the greatest common divisor of h and 168?
24
Let o(r) = r**3 + 5*r**2 - 8*r - 6. Let d be o(-6). Suppose 2*u = p + 34, -2*u - 3*p + 50 = -8*p. What is the highest common divisor of u and d?
3
Suppose 23 - 8 = 5*a - 3*w, -3*a - 5*w = 25. Suppose -y + 4 = -z, a = 2*y + z - 5*z - 6. What is the greatest common divisor of y and 50?
5
Suppose -16*c - 23*c + 507 = 0. Calculate the greatest common divisor of c and 1781.
13
Let m be 416/(-11 + 13)*(-5)/(-2). What is the highest common factor of m and 13?
13
Let g = 3 - 0. Suppose g = 4*q - 21. Calculate the highest common divisor of q and 42.
6
Suppose 8*j = 24*j - 3264. What is the highest common factor of j and 72?
12
Suppose s + 3*t = 0, 4*s + 4*t - 12 = -4. Calculate the greatest common divisor of s and 27.
3
Suppose -5 - 5 = -5*s. Suppose -4 = 2*z + 2*j + 3*j, 2 = 2*z + s*j. Suppose 0 = 2*y - 4*d - 32, z*d + 3 = 9. Calculate the highest common factor of 20 and y.
20
Let q = -258 - -442. Let o be 13/(2340/(-40)) - (-1)/(-9)*-209. Calculate the greatest common factor of o and q.
23
Let w(t) = -4*t + 15. Let u(m) = 20*m - 74. Let b(f) = 3*u(f) + 14*w(f). Let s be b(8). What is the greatest common divisor of s and 8?
4
Let a be (-1)/((-3)/(-8))*81/(-27). Let y(s) = -13*s + 4. Let u be y(-4). What is the highest common factor of a and u?
8
Let p(w) = -8*w**3 + 5*w**2 + 6*w + 8. Let x be p(-2). Calculate the highest common factor of 10 and x.
10
Let d(p) = -9*p**2 + p - 2. Let v be d(-2). Let m be v/(12/(-3)) - 0. What is the greatest common divisor of 90 and m?
10
Suppose 2*i + 2*r - 50 = -2*r, -30 = -i - 3*r. Suppose 55 = j + i. Suppose 4*n - j = -4. What is the highest common factor of n and 63?
9
Let l(v) = -2*v**2 - 19*v + 10. Suppose m - 6*m - 18 = -3*w, -3*w - 42 = 5*m. Let y be l(m). Calculate the highest common factor of y and 78.
26
Suppose 134 = w + 110. What is the highest common factor of 48 and w?
24
Suppose 3*t = -0 + 12. Let x be t/18 - (-202)/(-18). Let z be (x + 8)/(6/(-32)). What is the greatest common divisor of z and 64?
16
Let t be 1/(-1) + (45 - -1). Let f(m) = 2*m - 2. Let v be f(-5). Let d be (-16)/6*(405/v)/5. Calculate the greatest common factor of d and t.
9
Suppose 62 = -2*b - 118. Let r = -59 - b. Suppose -a + r = 1. What is the highest common fact